et q(b) = -b**3 + 7*b + 2. Let v be q(-3). Suppose -20 = -m + 5*p, -3*p + 5*p = v. Let o = -5 + 13. What is the greatest common factor of m and o?
8
Let z = -1306 + 1324. What is the greatest common divisor of 540 and z?
18
Suppose 0 = 4*k - 5*c - 4232, 4*k - 16*c + 17*c = 4232. Calculate the greatest common factor of 23 and k.
23
Suppose 0*g = 75*g - 18900. What is the greatest common factor of g and 540?
36
Let o be (1/(-3))/(15/(-180)). Suppose o = x + 1. Suppose 3*m = -2*v + 6*v - 31, 0 = x*v - 5*m - 26. What is the greatest common divisor of v and 7?
7
Suppose -n - 37 = -34, 4*a + 4*n - 68 = 0. Let z(f) = f**2 - f - 1. Let s be z(-2). What is the highest common factor of s and a?
5
Suppose 5*o = 32 - 7. Suppose 2*s = -s + 4*h + 278, s - o*h = 111. Suppose a - 20 = -i, a + 3*a + i = s. Calculate the greatest common factor of a and 11.
11
Let l(z) = -z**3 + 3*z**2 + 3*z - 7. Let x be l(3). Suppose -3*f + 721 = -f - k, -723 = -x*f + 3*k. What is the highest common factor of f and 36?
36
Let v(o) = o**2 - 10*o - 16. Let a(q) = -6*q + 64. Let j be a(8). Let m be v(j). What is the greatest common factor of 10 and m?
10
Suppose 0 = 3*c - 7*c + 304. Let f(r) = -r**3 - 12*r**2 - 15*r - 25. Let m be f(-11). Calculate the highest common factor of c and m.
19
Suppose -67*z + 80*z = 6565. Calculate the highest common factor of 15 and z.
5
Suppose 0 = -7*x + x + 456. Let k = x - 34. Calculate the highest common factor of k and 6.
6
Let w be 3/(-2)*(3 - 75/9). Suppose w*l - 4*l = 4. What is the greatest common divisor of 2 and l?
1
Let s be (-7029)/6 - ((-27)/6 - -3). Let o = -666 - s. Calculate the highest common factor of 63 and o.
63
Let x = -13 + 16. Let s(y) = 15*y - 13*y + 65 + x*y**2 - 2*y**2. Let k be s(0). Calculate the greatest common divisor of 26 and k.
13
Let m be (2 + 35)/1 - 0. Suppose -13*u + 2072 = -5*u. Calculate the highest common divisor of u and m.
37
Suppose -a - 3 = 0, -16*r + 15*r + 56 = -2*a. Calculate the greatest common factor of 10 and r.
10
Suppose -53017 + 13273 = -46*g. What is the greatest common factor of 36 and g?
36
Suppose -5*d - 4*j + 36 + 79 = 0, 5*d = j + 90. Let s be 19 - 7 - (-128)/2. What is the highest common divisor of d and s?
19
Suppose 0*k + 5*k + 47 = 2*h, 5*h + 5*k = 65. Let b = -44 + 46. Suppose 0 = -b*r + 116 - 36. What is the greatest common factor of r and h?
8
Let f = 1585 - 1553. What is the greatest common factor of 2272 and f?
32
Let w be 28*(-5 - (-50)/8) - -5. Calculate the greatest common divisor of w and 16.
8
Let h be 54/12*2/(-1). Let y be 56 - -1 - (h + 6). Calculate the greatest common divisor of y and 12.
12
Let c be (3 - (1 - 2)) + 337. Calculate the greatest common factor of 31 and c.
31
Let p be (-16 + 8)/(1/(-106)). What is the greatest common divisor of p and 16?
16
Suppose -3*w - 299 = -2*d, -59*d = -62*d - 4*w + 423. Let s(b) = 5*b**2 - 6*b + 2. Let t be s(4). Calculate the greatest common divisor of d and t.
29
Suppose 3*n + 85 = 358. Let o = -544 - -557. What is the greatest common factor of n and o?
13
Suppose -1 = -d + 8. Let m = 110 + -29. What is the highest common factor of m and d?
9
Suppose -7*x + 0*x + 231 = 0. Let i = x - 26. What is the highest common divisor of i and 77?
7
Let o(m) = -4*m - 77. Let g be o(-24). Let y = 199 + -28. Calculate the greatest common divisor of y and g.
19
Let c(o) = -11*o. Let i be c(-1). Let q be -3 + 0 + 8 - 4. Let a be 59 - q*(7 - 3). What is the highest common divisor of a and i?
11
Let j(l) = l**2 - 5*l - 2. Suppose 4*x + 13 = 37. Let z be j(x). Let m be (-44)/(-55)*10/z. Calculate the greatest common factor of 4 and m.
2
Let c(k) = -67*k + 32. Let d be c(-4). What is the highest common divisor of d and 180?
60
Let c(m) = -124*m - 268. Let l be c(-4). Calculate the highest common factor of l and 132.
12
Let x(o) = -3*o - 17. Let h be x(-11). Suppose -21*c + 90 = -h*c. Let r be 72/(4 - 1) + 3. Calculate the highest common divisor of r and c.
9
Let u(b) be the second derivative of -65*b**3/6 - 9*b. Let s be u(-1). Calculate the highest common factor of s and 13.
13
Let h = 33 + -10. Let b = h - 13. Let f(w) = 2*w + 19. Let g be f(3). Calculate the greatest common factor of b and g.
5
Let b = 211 - -1067. Calculate the highest common divisor of b and 18.
18
Let q be (-2)/4*(-168)/(-14). Let v be 2*(-3)/q*11. Calculate the highest common divisor of 33 and v.
11
Suppose -3*f = 5*i - 13275, 9*i - 4*i + f = 13265. What is the greatest common factor of 102 and i?
102
Suppose 2*y - 3 = 3, 0 = 3*d - y - 387. Let w = 98 + -46. What is the greatest common factor of d and w?
26
Suppose 3*z = b - 36, -2*b - 3*z = -8*z - 69. Let w = -58 + 53. Let m = 4 - w. Calculate the highest common divisor of m and b.
9
Let t = -205 + 335. Suppose -v - t = -5*b + 4*v, 3*b - 5*v - 82 = 0. What is the greatest common factor of b and 6?
6
Let n be (20*2/4)/(0 - -1). What is the highest common factor of n and 10?
10
Let r = -40 - -103. Calculate the greatest common divisor of r and 7.
7
Suppose 3*y - 3*x + x - 218 = 0, 0 = y + 2*x - 70. Calculate the highest common divisor of 612 and y.
36
Let v = 81 - 54. Let n be (-3200)/(-175) + (-4)/14. Calculate the highest common factor of v and n.
9
Let f be (-165)/90 + 1 - 1030/(-12). Let l be (-1)/(-1*1/17). Calculate the highest common factor of f and l.
17
Let o = -1044 - -1113. Calculate the greatest common divisor of 23 and o.
23
Let x(v) = -344*v + 7. Let w be x(-1). Calculate the greatest common factor of 54 and w.
27
Let o(a) = -4*a - 2 - 15*a**2 + 11*a**2 + 5*a**2. Let v be o(5). What is the greatest common divisor of v and 33?
3
Suppose -3*x - 3*n + 182 = -8*n, 2*n - 68 = -x. What is the highest common divisor of 96 and x?
32
Suppose 491 = -5*n - 2*a - 169, -4*a = 0. Let v be n/(-9) - 12/18. Calculate the greatest common divisor of v and 112.
14
Suppose -b = -2 - 7. Suppose 2*l - 144 = -2*l. What is the greatest common divisor of l and b?
9
Suppose -4*x - 12 = 3*c, -4*c - 3 = x - 0. Suppose c*h - 3*h + 24 = 0. Let v(w) = 4*w. Let t be v(6). Calculate the highest common factor of h and t.
8
Let q = 149 + -85. Let t = -9 + 10. Suppose -l = -7 - t. What is the highest common divisor of q and l?
8
Let q(d) = -2*d**2 - 32*d - 6. Let b be q(-7). Calculate the highest common divisor of b and 2520.
120
Let a(m) = -4*m + 30. Let q(u) = -16*u + 120. Let i(n) = -9*a(n) + 2*q(n). Let v be i(9). Calculate the greatest common divisor of 4 and v.
2
Let c be -33 + 0 - -1*1. Let o(w) = w**3 - 30*w**2 + 34. Let n be o(30). Let z = n + c. Calculate the greatest common divisor of z and 4.
2
Let p(f) = 4*f**2 + f. Let v be p(1). Suppose 4*r + v*t - 80 = 0, t + 14 = 2*r - 3*t. What is the greatest common factor of 45 and r?
15
Suppose 5*f + 210 = 2*r + f, -r + 105 = -5*f. Let x(v) = 9*v**2 + 11*v - 37. Let t be x(4). Let m = t - 130. What is the greatest common divisor of m and r?
21
Suppose -l + 24 = -4*l. Let v be -100 - 4/l*8. Let n = v - -150. Calculate the highest common factor of 6 and n.
6
Let b(y) = -y**3 - 4*y**2 + 2*y. Let f be (-3 - -5) + -2 - -1. Let d be (0 - (0 + 5))*f. Let n be b(d). What is the highest common factor of 3 and n?
3
Suppose 0 = 20*p - 19*p - 28. Calculate the greatest common divisor of 7 and p.
7
Suppose 0 = 4*a - 3*q - 222, q - 43 = -a + 16. What is the highest common factor of a and 1767?
57
Suppose -4*t - 20*p = -15*p - 795, 2*t = p + 415. What is the greatest common divisor of t and 82?
41
Suppose 7*u - u - 12 = 0. Suppose z - 283 = -5*w, -u*w - 2*w - 3*z + 233 = 0. What is the greatest common factor of w and 16?
8
Suppose 0 = -11*d + 1529 + 3245. Let n = d + -174. What is the greatest common factor of 13 and n?
13
Suppose -3*o + 0 = -759. Calculate the highest common divisor of 23 and o.
23
Suppose 2250 = 254*h - 249*h. What is the greatest common factor of 25 and h?
25
Suppose 2*m = 2, -5*m - 396 - 103 = -4*v. Calculate the highest common divisor of v and 56.
14
Suppose 23 = 5*x - 2. Suppose -4*b + 118 - 14 = 4*o, x*b - 5*o - 170 = 0. Calculate the highest common divisor of b and 6.
6
Suppose -5*m = 2*n - 26, -4*n + 3*n + 7 = m. Suppose n = r - 8. Suppose -3*d - 72 = f - 4*f, 0 = -f + 3*d + 28. What is the greatest common factor of r and f?
11
Suppose 10 = y + y. Suppose 0 = 2*n - n - y. Let m be 3/